27 + r. What is the greatest common factor of t and 120?
20
Suppose -3*o + 573 = -2*t, 4*o - 211 = -5*t + 530. Calculate the highest common factor of 21 and o.
21
Let u be (-10)/4*32/(-20). Calculate the highest common factor of u and 32.
4
Let s = 25 + -22. Suppose s*q + x - 9 - 4 = 0, -20 = 4*x. Calculate the greatest common divisor of q and 18.
6
Suppose 8*j - 6*j - 90 = 0. Suppose -2*o - 3*u = -o - 2, 3*o + 4*u = 11. What is the greatest common divisor of j and o?
5
Let j = 49 - -72. Calculate the highest common factor of j and 11.
11
Let v be (-80)/(-44) + (-2)/(-11). Suppose -1 = -v*f + 11. Calculate the highest common factor of f and 30.
6
Let i = 2 - 1. Calculate the greatest common divisor of i and 8.
1
Let z = -17 + 20. Suppose -d - 20 = -4*q, 5*q + 7 = z*d + 25. What is the greatest common factor of 2 and q?
2
Suppose -4*b + 7*b = 18. Let v(p) = p**3 - p**2 + p + 6. Let k be v(0). What is the highest common divisor of k and b?
6
Let u(r) = r + 6. Let w be u(0). Let o = 10 + w. Calculate the greatest common divisor of 128 and o.
16
Suppose -33 = -4*f - 4*r - 1, -3*f + 28 = 5*r. Calculate the highest common factor of f and 3.
3
Suppose -b - 8 = -18. Calculate the highest common divisor of 40 and b.
10
Let y = -51 + 78. Calculate the highest common factor of y and 18.
9
Suppose 3*s + a = -s, -3*s - 2*a = 0. Suppose 0 = -3*o - s*o + 39. Let f(v) = -14*v + 7. Let q be f(-6). What is the greatest common factor of q and o?
13
Let w(n) = n**3 - 24*n**2 + 25*n - 30. Let l be w(23). Calculate the highest common divisor of l and 20.
4
Suppose 41 - 225 = -5*o + 3*i, 0 = 4*o + 3*i - 131. What is the greatest common divisor of o and 245?
35
Let s = 58 - 19. Calculate the greatest common divisor of s and 351.
39
Suppose j - 2*j + 13 = -4*l, -3*l - 12 = -3*j. What is the greatest common divisor of j and 1?
1
Let x be 2/(-10) + 91/5. Let w be x*((-10)/(-4))/1. Suppose 3*n - 40 = -7*p + 12*p, 4*p + 71 = 5*n. Calculate the greatest common divisor of n and w.
15
Let d(i) = 2*i**2 + 3*i + 4. Suppose 3 = v - 2*v. Let m be d(v). Calculate the greatest common divisor of m and 91.
13
Suppose c + 1 = -3. Let q be 1/c - 171/(-12). Let o be 14*(-4)/((-16)/q). What is the highest common factor of 7 and o?
7
Let w be 1 - (-6)/3 - 0. Suppose 0*g - w*g + 648 = 0. Calculate the highest common divisor of g and 27.
27
Suppose 2*i + 1 + 5 = -3*k, 2*k + 20 = 4*i. Let j be (-1)/(128/44 - i). Calculate the highest common factor of 99 and j.
11
Let l be -2 - (2 - (97 + -2)). Suppose 0 = 4*p - 74 - 74. Suppose -4*a + p = -15. Calculate the greatest common factor of a and l.
13
Suppose 3*k = 5*k + 8. Let y be (0 + -25)*k/10. Let g = 60 - 35. What is the greatest common factor of g and y?
5
Let w(d) be the third derivative of -d**6/30 - d**5/60 + d**4/12 + d**3/6 + d**2. Let h be w(-2). What is the highest common divisor of h and 10?
5
Let o(u) = u**2 + 7. Let j be o(0). Suppose -5 + 17 = 4*n. Suppose -280 = -2*c - n*c. Calculate the highest common factor of j and c.
7
Suppose 16 = 3*w + w. Suppose w*v = -k + 90 + 7, 2*k + 5*v = 185. What is the highest common divisor of 34 and k?
17
Let q(p) = -1. Let x(v) = -4*v + 5. Let c(r) = -2*q(r) - x(r). Suppose 4*n - 14 + 2 = 0. Let j be c(n). Calculate the greatest common divisor of j and 36.
9
Let g(r) = r**3 - r**2 + r - 15. Let f be g(0). Let i(w) = -15*w + 1. Let u be i(-2). Let c = u + f. What is the highest common factor of 144 and c?
16
Let a(w) = -w**3 - 2*w**2 - w - 1. Let h be a(-2). Calculate the greatest common divisor of 1 and h.
1
Suppose -2*d = -5*l + 40, l - 2 = -5*d + 6. Let b be 59/3 + 12/(-18). Let v = 31 - b. Calculate the highest common divisor of l and v.
4
Let t = 86 + -41. Calculate the greatest common factor of t and 30.
15
Suppose 5 + 13 = 3*w. Let v = -22 + 91. Let d = -39 + v. What is the highest common factor of w and d?
6
Let z be (-4)/(-16) + (-790)/(-8). Calculate the highest common divisor of z and 9.
9
Let b = 1 + -1. Suppose -2*u = -u - 4. Suppose w + b = u. Calculate the greatest common divisor of 20 and w.
4
Let p be 10*(31/(-5) + 2). Let a = 82 + p. Calculate the highest common divisor of a and 4.
4
Suppose 4*o + 6 = -2. Let m(t) = -t**3 - 6*t**2 - 4*t + 2. Let j be m(-5). Let q be (2/o)/3*j. What is the greatest common factor of 1 and q?
1
Let d(b) = b**2 + 9*b + 4. Let m be d(-9). Let y be (-21)/((-3)/m*-2). Let j = -6 - y. Calculate the greatest common factor of 2 and j.
2
Let f = 15 - 6. Suppose 0 = 2*d - 53 - 7. Suppose -j = 4*j - d. Calculate the highest common divisor of j and f.
3
Let h be (2 - 3) + (10 - 4). Suppose h*m - 21 - 259 = 0. Calculate the highest common factor of 7 and m.
7
Let y = 67 + -50. Calculate the greatest common divisor of y and 34.
17
Let t = -22 + 41. Let r(v) = -2*v**3 + v**2 - 1. Let s be r(-1). Suppose y - 513 = -s*y. What is the highest common factor of t and y?
19
Let d(a) = -a + 3. Suppose 0 = -4*c + 8, t + 4*c - 13 = -0*t. Let j be d(t). Let x be j/(-5) + 3/5. What is the greatest common factor of 1 and x?
1
Let b(m) = 8*m**2 + 3*m + 2. Let x be b(-6). What is the greatest common divisor of x and 34?
34
Let i(j) = 11*j**2 + j + 2. Let c be i(-1). Let m(k) = -49*k - 1. Let y be m(-1). What is the greatest common divisor of y and c?
12
Let c be 0*1/(-2)*1. Let m = c + 1. Calculate the highest common divisor of m and 7.
1
Suppose -3*f + 6 = -3*l, 3*l - 4*f - f = -14. Let t = 6 + -4. Let i be t/6 + 4/6. What is the greatest common factor of l and i?
1
Let w be (444/(-9))/(4/(-6)). Let m = -3 + 11. Let q be (-18)/(-24) + w/m. Calculate the greatest common divisor of q and 10.
10
Suppose -2*k - 14 + 46 = 0. Calculate the highest common factor of k and 2.
2
Suppose 9*u - 8*u - 15 = 0. Let c be (10/u)/((-2)/(-63)). Suppose -28 = -8*r + 4*r. Calculate the highest common factor of c and r.
7
Let b(u) = 3*u + 5. Let a be b(2). What is the highest common factor of a and 11?
11
Let l = 12 - 9. What is the highest common divisor of l and 33?
3
Suppose -3*d = d - 256. What is the greatest common factor of 96 and d?
32
Let z be 3 + (2 + 148 - -3). Let x be z/(-30) + 2/10. Let v = x + 15. Calculate the greatest common factor of 70 and v.
10
Let x(u) = u**3 - 14*u**2 + 14*u - 1. Let n be x(13). Let s = 69 - -63. Calculate the highest common factor of n and s.
12
Let o be (-2)/4*(139 + 7). Let a = -1 - o. What is the greatest common factor of a and 9?
9
Let u be (-1)/(-1)*135/(-15). Let h = 43 + -29. Let f = u + h. Calculate the highest common divisor of f and 10.
5
Suppose -10 = -4*r + 26. Calculate the greatest common divisor of r and 9.
9
Suppose 8*p - 7*p - 10 = 0. What is the highest common divisor of p and 110?
10
Suppose 5*f = 4*d + 9, 4*d + 3*f - 6 = 5*f. What is the highest common divisor of d and 20?
4
Suppose 3*d + 0 = 15. Suppose 4*j = -3*u + 295, -d*j - u = -123 - 232. Let y be (-40)/(-6)*9/6. What is the highest common factor of j and y?
10
Let r(p) = -p**2 - 4*p - 2. Let f be r(-2). Suppose -4 - 10 = -f*s. Calculate the highest common divisor of s and 56.
7
Suppose -15*n + 32 = n. What is the highest common divisor of n and 6?
2
Let d(s) be the third derivative of s**6/120 - 2*s**5/15 + 7*s**4/24 - s**2. Let p be d(8). Let h = 106 - p. Calculate the highest common factor of h and 10.
10
Let a be 297/12 + 6/(-8). Calculate the highest common factor of 384 and a.
24
Let x(i) = -i**2 - 18*i - 13. Let m be x(-9). What is the greatest common factor of 4 and m?
4
Suppose -3*q - q = -304. Suppose 0 = -c + 5*c - q. Suppose 5*u + 4*p - 467 = 0, 4*p = -7 - 1. What is the highest common divisor of c and u?
19
Let n be (4/1)/(2/46). Calculate the greatest common factor of 23 and n.
23
Let z(j) be the third derivative of -j**4/24 + 2*j**3/3 + 3*j**2. Let g be z(0). Calculate the highest common divisor of 2 and g.
2
Let p be 1/4 + 90/(-8). Let h(q) = q**2 - 67. Let t be h(10). Let i = p + t. What is the highest common divisor of 11 and i?
11
Suppose -5*h + 443 = -7. Let t(i) = i**3 + 16*i**2 - 17*i + 10. Let w be t(-17). Calculate the highest common divisor of h and w.
10
Suppose -4*h = -20, h + 0*h + 7 = 2*b. Suppose -3*m + 16 = 10. What is the highest common divisor of b and m?
2
Let u(t) = 1 + 0 - 5 - 1 + 115*t. Let i be u(7). Suppose 0 = -0*d - 4*d + i. What is the 